. Calculate h(-5).
3
Let a = -7 + 5. Let j be a/((-6)/9 - 0). Let g(t) = 5*t + j - 3. Give g(-1).
-5
Let i = 0 - -5. Let g(h) = 8 - 5*h - h + i*h + 3*h. Give g(-6).
-4
Let t = 15 + -11. Suppose -t*r = r + 5. Let g(k) be the second derivative of k**5/10 - k**4/12 - k**3/3 - k**2/2 + k. Give g(r).
-2
Suppose 0 = -4*n + 4*y, -3*n + 11 = 5*y - 21. Let i(w) = -n + 0*w + 7 + w + 3. Give i(0).
6
Suppose 0 = 3*m - 2*y - 1 - 7, 0 = 5*m - 4*y - 12. Suppose m*u - 3 = 9. Let p(j) = -7 + 5*j - j**2 - j - u*j. Determine p(0).
-7
Let n be -1*(4 - (0 + 3 - 0)). Let c(l) = -5*l**2. Determine c(n).
-5
Suppose 2*h + 0 = 4. Suppose 2*t - h = -0. Let p(i) = 2*i**2 + i**2 - 3*i**2 + i**2 - 2*i**3. Determine p(t).
-1
Let y(k) = 2*k**3 + 3*k**2 - 7*k - 25. Let c(b) = 13 + 71*b**3 + 3*b**2 - 72*b**3 + 3*b - 4*b**2. Let z(q) = -7*c(q) - 4*y(q). Calculate z(-6).
3
Let k(u) = -5 - 11*u + 3 + 1. Determine k(-1).
10
Let d(v) = -v**2 + 2*v + 1. Let b be (-2)/(2/(-3)) + 3. Suppose 1 = 5*q + b. What is d(q)?
-2
Let m(t) = -1 - 8*t + 9*t - t**3 + 1. Give m(-2).
6
Let m(j) = 3 + 7*j**2 + j + 5*j**2 - 8*j - 11*j**2. Suppose 0*d = 3*w + d - 19, 5*d - 25 = -w. Calculate m(w).
-7
Let n(p) = p + 1. Let w(s) = -6*s - 2. Let o(i) = -5*i - 1. Let d(c) = 3*o(c) - 4*w(c). Let y(x) = -d(x) + 6*n(x). What is y(2)?
-5
Suppose 3*z - 3 = 6. Suppose 2*n - 9 = z. Let u be (-2)/(n/1)*3. Let r(h) = -4*h**2 + h. Determine r(u).
-5
Let z(v) be the second derivative of v**3/3 - 9*v**2/2 + v. Let r be (27/18)/((-1)/(-4)). Calculate z(r).
3
Let i(g) = 10 + 3*g - 2 - 9. Calculate i(-2).
-7
Let i(d) = 3*d + 2. Let u be i(-1). Let s = u - -8. Let b(h) = -h**3 + 6*h**2 + 5*h + 9. Determine b(s).
-5
Let f(t) = -t**3 - 6*t**2 - t - 3. Let x(u) = u. Let l be -4 + (-1)/(3/6). Let p be x(l). Give f(p).
3
Let o = -18 - -15. Let d(j) = j - 1. Let n(p) = p + 5. Let y(q) = -4*d(q) - n(q). Let c(m) = 9*m + 2. Let h(x) = -3*c(x) - 5*y(x). What is h(o)?
5
Let n be (-10)/2*-1*3. Let q = n - 21. Let m(g) = 2 - 51*g - 8 + 50*g. Calculate m(q).
0
Let t be (0 + 0/2)/1. Let h(l) = 2*l**2 + t*l - 2 + 0 + 1 - 3*l. Give h(3).
8
Let r be 2 - 0/(-1 - 2). Let l(x) = -x**3 + 0*x**3 - 6 - 2*x**2 - 4*x + 8*x**r - x. Determine l(5).
-6
Let r(v) be the third derivative of v**6/120 - 3*v**5/20 + v**4/24 + v**3/3 + 2*v**2 + 19*v. What is r(9)?
11
Let b(r) = 8*r**3 + 2*r**2 - 1. Let w = -1 - -6. Suppose w = 3*g + 2*g. Let h = g + 0. What is b(h)?
9
Let p(a) be the second derivative of -5*a**4/4 + a**2/2 + 9*a. Determine p(-1).
-14
Suppose -4 = 3*h - 16. Let x(u) = -u**2 + 5*u - 5. Determine x(h).
-1
Let p(q) = 7*q**3 - 3*q**2 + q - 1. Let g(w) = -15*w**3 + 7*w**2 - 3*w + 3. Let v(k) = -2*g(k) - 5*p(k). Determine v(1).
-4
Suppose s = -3*b - 4*s - 26, 0 = -4*s - 4. Let n be 1 + -3 - 63/b. Let o(g) = g**2 - 6*g - 7. Give o(n).
0
Let v(i) be the second derivative of -i**4/12 - i**3 - 3*i**2/2 - 8*i. Give v(-6).
-3
Let l be 20/50 - (-113)/5. Suppose -l = 5*c - 3. Let w(i) = -i**2 - 5*i - 1. Determine w(c).
3
Let n(u) = 5*u**2 + 2*u + 1. Suppose -6 + 21 = 2*v - 3*x, 2*x = -3*v + 3. Suppose v*j + 5 = -2*j. Give n(j).
4
Suppose -68 - 37 = -7*o. Let v = o + -18. Let h(g) = -g**2 - 5*g + 4. Determine h(v).
10
Suppose z - 2*o = o - 13, 4*o - 20 = 0. Let l = -9 + 6. Let f = z - l. Let i(h) = -h**3 + 5*h**2 + h - 5. Determine i(f).
0
Let v(m) = 18*m + 2. Let y be v(4). Let u(h) = y*h + h**3 - 74*h + 2*h**2. What is u(-2)?
0
Let i(z) = z - 7. Let x(l) = l + 2*l - 4*l + 28 - 20. Let c(s) = -6*i(s) - 5*x(s). Give c(4).
-2
Let j(m) be the third derivative of 4*m**2 + 0 + 0*m - 1/24*m**4 + 1/2*m**3. Determine j(-3).
6
Let n(p) = -p**2 + 4*p - 2. Let m = -13 - -17. Determine n(m).
-2
Let t = -19 - -14. Let p(g) be the second derivative of -g**6/720 + g**5/40 - g**4/12 + g. Let f(q) be the third derivative of p(q). Give f(t).
8
Let j(a) = 2*a**2 - 17*a - 16. Let f(d) = -d**2 + 9*d + 8. Let o(u) = -7*f(u) - 4*j(u). What is o(7)?
-6
Let i(q) be the first derivative of q**2/2 - 11*q - 2. Let l = -6 - -11. Let p be 2/(-4)*(-5 - l). Determine i(p).
-6
Suppose -5 = -4*d + 7. Let w be -4*4/(-4) - d. Let p(h) = 11*h**2 + 2*h - 1. What is p(w)?
12
Let s = 7 + -6. Let a be (s - 0)*(0 - -2). Let c(y) = -2*y. Let b(q) = -q**2 + 1. Let i(v) = a*b(v) - c(v). What is i(3)?
-10
Let p(i) be the first derivative of -i**3/3 + 4*i**2 + 11*i + 1. Let t be p(9). Let w(x) = 4*x - x**2 - 4*x - 1. Calculate w(t).
-5
Let m = 3 - 2. Let a(c) be the second derivative of 11*c**3/6 + c**2/2 - c. Give a(m).
12
Let t(p) be the third derivative of -p**4/24 - p**3/6 + p**2. Suppose 0 = -3*a + 17 + 13. Suppose -3*o = -o - a. Determine t(o).
-6
Let n(p) = -p**3 - 6*p**2 + 6*p - 2. Let a be ((-7)/(-4))/((-3)/12). What is n(a)?
5
Let a = 17 - 12. Let q(r) = -4 + 0*r**2 + 3 - 2*r + a*r - r**2. What is q(2)?
1
Let u(a) = -a**2 + 1. Let l(v) = v**3 - 2*v**3 - 1 - v**2 - 10*v**2. Let n be l(-11). Give u(n).
0
Let m = -1 - -5. Suppose s - 2*a + 6 = 0, m*s - a - 6 = -s. Suppose 0 = -s*t + g + 9, -3*t + t + 2*g = -14. Let j(p) = 2*p - 2. Calculate j(t).
2
Let c(j) = j**2 + j. Let p be c(0). Let d(g) = 71 + g + 0*g - 29 - 37. Determine d(p).
5
Let c(v) = -v + 3. Let a be 6/(-3) - -1 - 3. Let o = 2 + a. Let f be ((-36)/(-2))/3 + o. Give c(f).
-1
Let p(c) = c**2 - 16*c - 14. Let r(w) = -2*w - 1. Let m(h) = p(h) - 6*r(h). What is m(6)?
4
Let i(n) = -n**3 - 6*n**2 + 4*n + 4. Let l(c) = -2*c**3 - 17*c**2 + 11*c + 11. Let x(b) = -8*i(b) + 3*l(b). Let j be 3 + -6 + 15/3. Give x(j).
7
Let x = -66 - -72. Let b(q) = -q**3 + 5*q**2 + 8*q - 2. Give b(x).
10
Let f(d) = 2*d - 3. Let g be f(1). Let p(b) = -4*b**3 - b**2 + 1. Calculate p(g).
4
Let v(d) = d**2 + 4*d + 6. Suppose -45 = 5*h + 4*s, 0 = 2*h - s - s. Give v(h).
11
Let f(c) be the first derivative of c**3/3 + 7*c**2/2 + 9*c - 16. Determine f(-6).
3
Let j(b) = -b + 1. Suppose n - 25 = 6*n. Let v(m) be the second derivative of -m**3 + m**2/2 - 20*m. Let p(r) = n*j(r) + v(r). What is p(3)?
-7
Suppose -3*o - o + k + 38 = 0, 4*o + 5*k - 50 = 0. Let l(p) = p - 4. Give l(o).
6
Let l(y) be the third derivative of -y**6/120 + y**5/60 + y**4/6 - y**2. Let r(j) = j - 2. Let s be r(3). Let i = s - -2. What is l(i)?
-6
Let s(u) = -2*u**3 + 2*u**2 - 1. Let k = 5 + -3. Let b = -1 + k. Calculate s(b).
-1
Let f(d) = 3*d + 3*d**2 - 4*d - 2*d**2 - 2. Let t(s) = s + 7. Let j be t(-5). Give f(j).
0
Suppose -8*k = -11*k + 6. Let h = -6 + k. Let x(s) = -s**3 - 4*s**2 + s - 5. Calculate x(h).
-9
Let k be 0/((-3 - -2)/(-1)). Suppose k = -a - a. Let d(h) = h**3 + h**2 + h + 11. Determine d(a).
11
Let a(q) = -q - 7. Let y(j) = -j - 5. Let m(h) = 5*a(h) - 8*y(h). Determine m(-4).
-7
Let y be -1*9*(-12)/18. Let i(u) = -u**3 + 5*u - u**2 - y*u + u. Determine i(-2).
4
Let g(f) = -6*f**3 - 2*f + 4*f**3 + 4*f + f**2 + 3*f**3. Calculate g(-2).
-8
Let k = -3 + 6. Let s(x) = k*x**3 - 4*x**3 + 7*x - 1 - 5*x**2 + 7. Suppose -5*r = -r + m + 23, 3*m = -3*r - 15. Give s(r).
0
Let l(y) be the second derivative of -y**5/20 + y**4/2 - 2*y**3/3 - 2*y**2 + 19*y. Determine l(5).
1
Let w(v) = -v**2 + v - 1. Suppose -5*m + 4*r = -3*m + 8, m + 2*r - 8 = 0. Let c = m + -2. Determine w(c).
-1
Let q(n) = 6*n**3 + n**2 - 4*n - 2. Let v(c) = c**3 - c. Suppose 3*m - 17 = 2*s, 0*s + 4*m = 2*s + 22. Let w(y) = s*q(y) + 4*v(y). Determine w(-2).
14
Let w(h) = -6*h**2 + 14*h**2 - 5*h - h - 9*h**2 - 4. Give w(-5).
1
Let x(p) = 5*p**3 + 7*p**2 - 4*p - 5. Let v(j) = -11*j**3 - 14*j**2 + 8*j + 10. Let b(m) = 6*v(m) + 13*x(m). What is b(6)?
7
Let a be 108/12 + (-1 - 2). Let b(j) = j**3 - 2*j**2 + 5. Let y(i) = -2*i**3 + 3*i**2 - 10. Suppose 0 = -2*k + 23 - 1. Let h(g) = a*y(g) + k*b(g). Give h(-4).
-5
Let l(i) be the first derivative of -i**3/3 + 3*i**2 - 5*i + 1. Let b(w) = -w**2 + 6*w - 6. Let q(n) = -6*b(n) + 7*l(n). Let p be 3/(-6)*2*-5. What is q(p)?
6
Let p be 2 - (-5)/(10/(-16)). Let f(g) be the first derivative of g**2 + 6*g + 3. Calculate f(p).
-6
Let o(s) = 0*s**2 - 20*s**3 + 2*s**2 - s**2 + 15*s**3. Calculate o(1).
-4
Let r(n) = -n + 9. Let y be r(7). Suppose -12 = -y*k - 2*k. Let o(d) = -2*d - 7. Let h(b) = b + 6. Let x(p) = -5*h(p) - 4*o(p). What is x(k)?
7
Let d(q) = -q**3 - 8*q**2 - 7*q - 2. Suppose -3*y + h - 11 = 7, y = -4*h - 19. Give d(y).
-2
Let h(d) = -2*d**2 + 3*d + 2. Let a(z) = -z**2 - 3*z + 3